d 12.
12
Calculate the highest common factor of 26 and 12688.
26
What is the highest common divisor of 8 and 196?
4
What is the greatest common divisor of 96 and 984?
24
Calculate the greatest common factor of 296 and 44104.
296
What is the greatest common divisor of 18 and 3681?
9
Calculate the highest common factor of 132 and 1164.
12
Calculate the greatest common divisor of 16 and 2384.
16
Calculate the greatest common divisor of 138 and 23184.
138
What is the highest common divisor of 2758 and 14?
14
What is the greatest common divisor of 4 and 3188?
4
Calculate the highest common divisor of 22 and 4466.
22
What is the greatest common divisor of 16 and 56?
8
Calculate the greatest common divisor of 22682 and 33.
11
What is the greatest common divisor of 3 and 303?
3
What is the greatest common divisor of 109 and 1744?
109
What is the greatest common factor of 435 and 1363?
29
What is the greatest common divisor of 96 and 582?
6
What is the greatest common divisor of 28 and 826?
14
Calculate the greatest common divisor of 70 and 34.
2
What is the greatest common factor of 57 and 23313?
57
What is the highest common divisor of 31 and 279?
31
Calculate the highest common factor of 20 and 2950.
10
Calculate the highest common divisor of 78 and 351.
39
What is the greatest common factor of 1298 and 118?
118
Calculate the greatest common divisor of 92 and 42596.
92
What is the highest common factor of 703 and 37?
37
Calculate the greatest common divisor of 125 and 200.
25
What is the greatest common divisor of 3363 and 57?
57
Calculate the highest common factor of 34 and 1003.
17
Calculate the highest common factor of 585 and 45.
45
Calculate the greatest common factor of 608 and 38.
38
Calculate the greatest common factor of 936 and 828.
36
What is the highest common divisor of 91 and 4256?
7
What is the greatest common factor of 1712 and 64?
16
What is the highest common divisor of 176 and 66?
22
What is the highest common factor of 2574 and 2925?
117
Calculate the highest common divisor of 9 and 30123.
9
What is the highest common factor of 60 and 144?
12
What is the greatest common factor of 15 and 12?
3
What is the greatest common divisor of 67 and 8777?
67
Calculate the highest common divisor of 14088 and 36.
12
What is the highest common factor of 16793 and 7?
7
Calculate the highest common factor of 18 and 675.
9
Calculate the greatest common divisor of 35 and 350.
35
Calculate the greatest common divisor of 10 and 810.
10
Calculate the highest common divisor of 1472 and 1288.
184
Calculate the greatest common factor of 21 and 45843.
21
What is the highest common divisor of 2 and 62?
2
Calculate the greatest common divisor of 848 and 159.
53
What is the greatest common divisor of 5 and 46?
1
What is the highest common factor of 80 and 46960?
80
What is the greatest common divisor of 36 and 1572?
12
What is the highest common divisor of 3500 and 3750?
250
Calculate the greatest common factor of 183 and 12078.
183
Calculate the greatest common divisor of 1573 and 13.
13
Calculate the highest common factor of 16 and 100.
4
What is the greatest common divisor of 4348 and 4?
4
What is the greatest common divisor of 22 and 23584?
22
What is the highest common divisor of 7257 and 885?
177
What is the greatest common factor of 765 and 27?
9
Calculate the greatest common divisor of 413 and 1711.
59
Calculate the greatest common divisor of 957 and 261.
87
What is the greatest common divisor of 6036 and 12?
12
What is the highest common factor of 7 and 227?
1
What is the greatest common factor of 2675 and 375?
25
What is the greatest common factor of 26 and 234?
26
What is the highest common factor of 120 and 440?
40
What is the highest common divisor of 1 and 360?
1
What is the greatest common factor of 440 and 470?
10
What is the highest common divisor of 1736 and 56?
56
Calculate the highest common divisor of 1017 and 9.
9
Calculate the greatest common factor of 76 and 4.
4
What is the highest common factor of 2075 and 166?
83
Calculate the greatest common factor of 2400 and 345.
15
What is the highest common factor of 4300 and 344?
172
Calculate the greatest common divisor of 665 and 2489.
19
What is the highest common factor of 76 and 57?
19
What is the greatest common divisor of 4 and 290?
2
What is the greatest common factor of 117 and 273?
39
Calculate the greatest common divisor of 703 and 37.
37
Calculate the greatest common divisor of 860 and 1806.
86
Calculate the greatest common factor of 16 and 16.
16
Calculate the highest common factor of 30 and 2220.
30
Calculate the highest common factor of 3654 and 348.
174
What is the greatest common factor of 1 and 59?
1
What is the greatest common divisor of 46 and 66930?
46
Calculate the highest common factor of 1244 and 32.
4
Calculate the greatest common divisor of 1071 and 102.
51
What is the greatest common divisor of 55748 and 22?
22
What is the highest common factor of 1088 and 512?
64
Calculate the greatest common factor of 3726 and 1104.
138
What is the greatest common factor of 2592 and 888?
24
Calculate the highest common divisor of 1044 and 638.
58
Calculate the highest common factor of 133 and 57.
19
Calculate the highest common factor of 69 and 5037.
69
What is the greatest common factor of 120 and 3195?
15
Calculate the greatest common factor of 5 and 295.
5
Calculate the highest common divisor of 352 and 836.
44
What is the highest common divisor of 1025 and 275?
25
What is the highest common factor of 70 and 280?
70
Calculate the highest common factor of 3990 and 76.
38
Calculate the greatest common divisor of 20 and 20.
20
What is the highest common divisor of 36 and 28?
4
Calculate the highest common divisor of 3014 and 66.
22
Calculate the highest common factor of 20 and 635.
5
Calculate the highest common factor of 18 and 10.
2
Calculate the highest common divisor of 65 and 689.
13
What is the highest common divisor of 26 and 611?
13
What is the highest common divisor of 12 and 258?
6
What is the greatest common divisor of 33 and 231?
33
Calculate the highest common divisor of 8 and 134.
2
Calculate the greatest common factor of 8 and 13448.
8
Calculate the greatest common factor of 2109 and 1221.
111
Calculate the greatest common divisor of 138 and 1863.
69
Calculate the greatest common factor of 148 and 4847.
37
Calculate the greatest common factor of 2 and 17.
1
What is the highest common factor of 7125 and 57?
57
Calculate the highest common factor of 130 and 494.
26
What is the highest common divisor of 1380 and 24?
12
Calculate the highest common divisor of 69 and 2484.
69
What is the highest common divisor of 104 and 468?
52
Calculate the greatest common divisor of 65 and 1495.
65
What is the greatest common factor of 826 and 70?
14
Calculate the highest common divisor of 647 and 2.
1
Calculate the highest common divisor of 1365 and 195.
195
What is the greatest common divisor of 2 and 3139?
1
What is the highest common factor of 121 and 561?
11
Calculate the highest common divisor of 270 and 720.
90
Calculate the greatest common divisor of 567 and 126.
63
What is the greatest common divisor of 3894 and 3?
3
Calculate the highest common factor of 82677 and 186.
93
What is the highest common divisor of 2226 and 98?
14
What is the greatest common factor of 15 and 705?
15
What is the highest common divisor of 36 and 477?
9
Calculate the highest common factor of 40 and 4280.
40
What is the highest common factor of 16 and 1?
1
What is the highest common divisor of 49 and 9359?
49
What is the highest common factor of 18 and 22?
2
What is the highest common factor of 8 and 48?
8
What is the greatest common divisor of 39 and 52?
13
Calculate the highest common factor of 58 and 1073.
29
Calculate the highest common factor of 608 and 19.
19
Calculate the greatest common divisor of 14 and 63.
7
What is the greatest common factor of 38 and 190?
38
Calculate the highest common factor of 822 and 18.
6
Calculate the greatest common factor of 551 and 29.
29
Calculate the greatest common divisor of 123 and 47601.
123
Calculate the greatest common divisor of 91 and 78.
13
What is the highest common factor of 588 and 14?
14
Calculate the highest common divisor of 72 and 11736.
72
